nd 12.
12
Let m = -6 + 48. Calculate the greatest common factor of m and 28.
14
Let k be 0 - -110 - (13 + -11). Let r(j) = j**3 + 31*j**2 - 67*j - 21. Let o be r(-33). What is the highest common factor of k and o?
12
Suppose -3*a = -4*r - 6*a + 437, -r + 5*a + 115 = 0. What is the greatest common factor of 154 and r?
22
Let c = 68 - -97. What is the greatest common divisor of c and 30?
15
Suppose -17 = -y + 4*k + 8, -5*y = k - 20. Suppose y*h - 23 = 52. Calculate the greatest common factor of 15 and h.
15
Let c(u) = u + 22. Let g be c(0). Let q = g + -22. Suppose 2*z + 5*j - 6 = 69, q = 3*j - 9. What is the greatest common factor of 45 and z?
15
Let k(a) = -a**2 - 18*a - 68. Let g be k(-11). Calculate the highest common factor of 117 and g.
9
Let x = 156 - -174. Calculate the greatest common divisor of x and 33.
33
Suppose -2*h - 6*h = 256. Let r = 46 + h. Calculate the highest common divisor of 112 and r.
14
Suppose -16*i - 45*i = -366. Calculate the greatest common divisor of i and 411.
3
Let h(r) = -r**2 + 2*r + 20. Let g be h(5). Suppose 0 = 2*v - q - 843, -5*q + 4*q + 2097 = g*v. Calculate the highest common divisor of v and 60.
60
Let d(m) = m**2 + 44*m - 68. Let w be d(-46). What is the greatest common factor of 120 and w?
24
Suppose 2*x - 62 = -2*a, -105 = -0*a - 3*a + x. Suppose -a = d - 94. Suppose -p - 60 = -5*p. What is the highest common factor of d and p?
15
Suppose 55*y - 57*y = -56. Suppose -3*v + 30 = -12. What is the greatest common divisor of y and v?
14
Suppose 4*q - 888 + 316 = 0. Let d(v) = -2*v - 3. Let y = -3 - 5. Let m be d(y). What is the greatest common divisor of m and q?
13
Let q be 60/(-2 - 15/(-5)). What is the greatest common factor of 90 and q?
30
Suppose x - 2*g = 46, 15*x - 4*g = 10*x + 212. What is the highest common divisor of 64 and x?
8
Let k = 92 + -48. Let v(t) = -7*t**2 - t - 2. Let c be v(2). Let m = 36 + c. What is the highest common divisor of k and m?
4
Suppose -40 = 2*d - 162. Let h = d + -53. What is the highest common divisor of h and 44?
4
Let j = 3538 - 2618. What is the greatest common divisor of j and 60?
20
Let p be (1120/21 + -4)*3. Calculate the greatest common divisor of 37 and p.
37
Let m = 2 - 15. Let p = m - -156. What is the highest common divisor of 22 and p?
11
Suppose 0 = 5*v + 4*j - 478 - 350, -2*j = -2*v + 324. Calculate the greatest common factor of v and 123.
41
Suppose -10*d + 147 = -7*d. Let z(a) = a + 2. Let i be z(5). What is the greatest common factor of i and d?
7
Suppose 2*s = 4*s - 10. Suppose -3*r + s = -4. Suppose 19 = 4*d + r*o, 0 = -2*o + 7*o - 25. What is the highest common divisor of d and 4?
1
Let q(y) = 3*y**3 + y**2 + 22*y + 45. Let x be q(0). Suppose 1 = z - 3, 4*b - 2*z = 12. What is the highest common factor of b and x?
5
Let t be 3*-42*(6 + 66/(-7)). What is the highest common factor of t and 80?
16
Let h = 11 + -191. Let c = -54 - h. Let v = 163 - 149. What is the highest common factor of v and c?
14
Suppose -260*v = -255*v + 4*k - 371, 5*v - 373 = -2*k. What is the greatest common factor of v and 275?
25
Let f = -48 - -91. Calculate the highest common factor of f and 473.
43
Suppose -2*k - 4 = 0, 4*k + 0*k + 4 = 4*o. Let h be 201/6 - 1/(-2)*o. What is the highest common factor of 3 and h?
3
Suppose -3007 = -4*c - 3*a - 922, -c - 5*a + 500 = 0. Suppose -4*k = 3*k - c. What is the highest common factor of 30 and k?
15
Let l = 39 + -18. Let n be (3/3)/(3/l). Suppose 3*d = 2*d + 14. What is the highest common factor of d and n?
7
Suppose 7*j = 2*j - 40. Let k(l) = -2*l - 1. Let n be k(j). Suppose 16*v = 17*v - 6. Calculate the greatest common divisor of n and v.
3
Let l(g) = -19*g - 10. Let p be l(-4). Suppose u = 5*v - p, -5*u = -4*v + v + 396. Let q be ((-3)/(-9))/((-1)/u). What is the highest common divisor of q and 9?
9
Suppose 0 = -27*d + 1328 + 2020. Calculate the highest common factor of d and 31.
31
Let o be (7 - 63784/(-147)) + (-10)/(-105). Calculate the greatest common divisor of o and 126.
63
Suppose 0 = -5*f + 40 - 15. Suppose 0 = f*w + c - 96, -35 = -w - c - 15. What is the greatest common divisor of 152 and w?
19
Let p(m) = -91*m - 7. Let l be p(-1). Calculate the highest common factor of 24 and l.
12
Suppose 10 = 5*t - 5. Suppose -3 + 15 = t*x. What is the highest common factor of 2 and x?
2
Let b(p) = -14*p - 78. Let j be b(-8). Calculate the greatest common divisor of j and 68.
34
Suppose 2*y - 40 = -6*y. Suppose k + 2*c = 15, y*c = -5*k + 8*c + 62. Calculate the greatest common divisor of 104 and k.
13
Let p(w) = 4*w**2 + 26 - 23*w + 10*w - 1 - 3*w**2. Let r be p(17). Suppose 67 - 5 = i. What is the greatest common divisor of r and i?
31
Let q = -22 + 16. Let u = q - -14. What is the highest common divisor of 8 and u?
8
Suppose -7*f = -4*f + 162. Let k be -50*(279/f + (-2)/(-3)). What is the highest common factor of k and 25?
25
Let g = 131 + -101. Calculate the highest common divisor of g and 80.
10
Suppose -5*n - f = -241, 2 - 49 = -n + f. What is the highest common factor of n and 204?
12
Let b be (-5)/((-5)/(-3))*(-249)/(-9). Let z = b - -155. What is the highest common divisor of 9 and z?
9
Let j(y) = -6*y + 48. Let m be j(8). Suppose 0 = 2*g - 10, 4*v - 5*g - 27 + m = 0. Calculate the greatest common factor of 169 and v.
13
Let z(n) = -2 + 2 - 5 + 52*n + 0. Let t be z(2). Calculate the highest common divisor of t and 9.
9
Let x be 39 - (-45)/(-10)*2. Calculate the greatest common divisor of x and 66.
6
Let j be 5/(-2 + 4 + -1). Suppose -70 - 140 = -j*p. What is the greatest common divisor of 14 and p?
14
Let y be 186/217*28/3. Suppose 5*i - 149 = 11. What is the greatest common divisor of i and y?
8
Suppose 0 = -10*w - 25*w + 6580. Calculate the highest common divisor of w and 4.
4
Suppose -t = 5*g - 5*t - 30, 5*g + 5*t + 15 = 0. Suppose -j = 3*y - 2*y - 5, -4*j = -5*y - 20. What is the highest common divisor of j and g?
1
Let n(p) = 20*p + 4. Let i(g) = -39*g - 8. Let x(l) = -6*i(l) - 11*n(l). Let f be x(2). Calculate the highest common factor of f and 8.
8
Let m be (-15)/(-75) - (-68)/10. Suppose m = -5*f - 8. Let u = f + 25. Calculate the greatest common divisor of 154 and u.
22
Let s = -46 - -52. Suppose -44 = s*f - 200. Calculate the greatest common factor of f and 234.
26
Let d(k) = 7*k - 45. Let j be d(12). Let i be (-623)/(-4) + (-2)/(-8). Calculate the greatest common factor of j and i.
39
Suppose 26 - 73 = -4*l - o, 3*o = -3. Let h = 0 + 2. Suppose -b + h*b = 18. What is the highest common divisor of b and l?
6
Let x(c) = -c**2 + 4*c - 4. Let l be x(3). Let b = -1 - l. Suppose 5*h + b*u = u + 58, h = -3*u + 2. What is the greatest common divisor of 1 and h?
1
Suppose 5*g = l + 3078, -l + 618 = 2*g - g. Calculate the greatest common divisor of 77 and g.
77
Let m be 1 - (-2 - -2) - -2. Let f = m + 7. Suppose 3*h - 122 = 11*v - 12*v, 2*h = 4*v - 432. What is the highest common divisor of f and v?
10
Let t(d) = 3*d**2 + 1. Let u be t(-2). Let z be (-27)/6*3/(-18)*4. Suppose 0 = 2*q + z*q - 325. Calculate the greatest common divisor of q and u.
13
Suppose 0 = 13*v + 26*v - 7800. Calculate the highest common divisor of v and 125.
25
Let h be 176 - (-7 + 4 - 3). Calculate the highest common divisor of 312 and h.
26
Let a(g) = 9*g - 27. Let u be a(3). Suppose 4*l = -l - j + 199, u = j + 1. Calculate the greatest common factor of 16 and l.
8
Suppose -5*a + 8*m + 19203 = 6*m, -19211 = -5*a + 4*m. What is the highest common divisor of a and 11?
11
Let s(b) = 4*b**2 - 4*b + 2. Let l be s(3). Suppose 0*g + 624 = 12*g. Calculate the greatest common factor of g and l.
26
Suppose -2*r = -3*c - 39, 5*r + 10*c = 13*c + 75. Let n = 47 + -17. Calculate the highest common factor of n and r.
6
Suppose -2*h = -5*o + 362 + 419, -5*h = 5*o + 1970. Let f = 694 + h. Calculate the highest common factor of 43 and f.
43
Suppose 4*v - 3*v - 4 = 2*q, 4*v - 4*q - 24 = 0. What is the greatest common divisor of v and 120?
8
Let p(o) = 2*o**2 + 11*o - 3. Let z be p(-5). Let j(w) = -14*w - 21. Let m be j(z). Calculate the greatest common factor of 13 and m.
13
Let o be (-4)/22 - (-24052)/154. Suppose 2*w = 3*v - 156, w - o = 2*v - 5*v. What is the greatest common divisor of 26 and v?
26
Suppose -4*h + 5*m = -544, 22*h = 24*h - 4*m - 266. What is the highe